{"id":50,"date":"2022-12-04T17:39:56","date_gmt":"2022-12-04T20:39:56","guid":{"rendered":"https:\/\/rpps.estrelavelha.rs.gov.br\/portal\/?page_id=50"},"modified":"2025-10-13T09:49:19","modified_gmt":"2025-10-13T12:49:19","slug":"elementor-50","status":"publish","type":"page","link":"https:\/\/rpps.estrelavelha.rs.gov.br\/portal\/","title":{"rendered":"Home"},"content":{"rendered":"\t\t<div data-elementor-type=\"wp-page\" data-elementor-id=\"50\" class=\"elementor elementor-50\">\n\t\t\t\t\t\t<div class=\"elementor-inner\">\n\t\t\t\t<div class=\"elementor-section-wrap\">\n\t\t\t\t\t\t\t\t\t<section class=\"elementor-section elementor-top-section elementor-element elementor-element-0736e7f elementor-section-boxed elementor-section-height-default elementor-section-height-default\" data-id=\"0736e7f\" data-element_type=\"section\">\n\t\t\t\t\t\t<div class=\"elementor-container elementor-column-gap-default\">\n\t\t\t\t\t\t\t<div class=\"elementor-row\">\n\t\t\t\t\t<div class=\"elementor-column elementor-col-66 elementor-top-column elementor-element elementor-element-f405373\" data-id=\"f405373\" data-element_type=\"column\">\n\t\t\t<div class=\"elementor-column-wrap elementor-element-populated\">\n\t\t\t\t\t\t\t<div class=\"elementor-widget-wrap\">\n\t\t\t\t\t\t<div class=\"elementor-element elementor-element-0eddb3e elementor--h-position-center elementor--v-position-middle elementor-arrows-position-inside elementor-pagination-position-inside elementor-widget elementor-widget-slides\" data-id=\"0eddb3e\" data-element_type=\"widget\" data-settings=\"{&quot;navigation&quot;:&quot;both&quot;,&quot;autoplay&quot;:&quot;yes&quot;,&quot;pause_on_hover&quot;:&quot;yes&quot;,&quot;pause_on_interaction&quot;:&quot;yes&quot;,&quot;autoplay_speed&quot;:5000,&quot;infinite&quot;:&quot;yes&quot;,&quot;transition&quot;:&quot;slide&quot;,&quot;transition_speed&quot;:500}\" data-widget_type=\"slides.default\">\n\t\t\t\t<div class=\"elementor-widget-container\">\n\t\t\t\t\t<div class=\"elementor-swiper\">\n\t\t\t<div class=\"elementor-slides-wrapper elementor-main-swiper swiper-container\" dir=\"ltr\" data-animation=\"fadeInUp\">\n\t\t\t\t<div class=\"swiper-wrapper elementor-slides\">\n\t\t\t\t\t\t\t\t\t\t<div class=\"elementor-repeater-item-103ad8a swiper-slide\"><div class=\"swiper-slide-bg\"><\/div><a class=\"swiper-slide-inner\" href=\"https:\/\/rpps.estrelavelha.rs.gov.br\/portal\/2024\/12\/06\/conselho-municipal-de-previdencia-social-realiza-eleicao-da-nova-diretoria-e-aprova-politica-de-investimentos-para-2025\/\"><div class=\"swiper-slide-contents\"><div class=\"elementor-slide-description\">Conselho Municipal de Previd\u00eancia Social realiza elei\u00e7\u00e3o da nova diretoria e aprova Pol\u00edtica de Investimentos para 2025<\/div><div  class=\"elementor-button elementor-slide-button elementor-size-sm\">Clique aqui<\/div><\/div><\/a><\/div><div class=\"elementor-repeater-item-63f3c46 swiper-slide\"><div class=\"swiper-slide-bg\"><\/div><div class=\"swiper-slide-inner\" ><div class=\"swiper-slide-contents\"><div class=\"elementor-slide-description\">Servidores respons\u00e1veis pela  Contabilidade, Tesouraria e Recursos Humanos.<\/div><div  class=\"elementor-button elementor-slide-button elementor-size-sm\">Clique aqui<\/div><\/div><\/div><\/div><div class=\"elementor-repeater-item-20ed409 swiper-slide\"><div class=\"swiper-slide-bg\"><\/div><div class=\"swiper-slide-inner\" ><div class=\"swiper-slide-contents\"><div class=\"elementor-slide-description\">Conselho se re\u00fane para aprova\u00e7\u00e3o da politica de investimentos. <\/div><div  class=\"elementor-button elementor-slide-button elementor-size-sm\">Clique aqui<\/div><\/div><\/div><\/div><div class=\"elementor-repeater-item-32f97ee swiper-slide\"><div class=\"swiper-slide-bg\"><\/div><div class=\"swiper-slide-inner\" ><div class=\"swiper-slide-contents\"><div class=\"elementor-slide-description\">Conselho Municipal se re\u00fane para elei\u00e7\u00e3o de nova diretoria.<\/div><div  class=\"elementor-button elementor-slide-button elementor-size-sm\">Clique aqui<\/div><\/div><\/div><\/div>\t\t\t\t<\/div>\n\t\t\t\t\t\t\t\t\t\t\t\t\t\t\t<div class=\"swiper-pagination\"><\/div>\n\t\t\t\t\t\t\t\t\t\t\t\t\t\t\t\t<div class=\"elementor-swiper-button elementor-swiper-button-prev\">\n\t\t\t\t\t\t\t<i aria-hidden=\"true\" class=\"eicon-chevron-left\"><\/i>\t\t\t\t\t\t\t<span class=\"elementor-screen-only\">Anterior<\/span>\n\t\t\t\t\t\t<\/div>\n\t\t\t\t\t\t<div class=\"elementor-swiper-button elementor-swiper-button-next\">\n\t\t\t\t\t\t\t<i aria-hidden=\"true\" class=\"eicon-chevron-right\"><\/i>\t\t\t\t\t\t\t<span class=\"elementor-screen-only\">Pr\u00f3ximo<\/span>\n\t\t\t\t\t\t<\/div>\n\t\t\t\t\t\t\t\t\t\t\t\t<\/div>\n\t\t<\/div>\n\t\t\t\t<\/div>\n\t\t\t\t<\/div>\n\t\t\t\t<div class=\"elementor-element elementor-element-11acfa2 elementor-grid-2 elementor-grid-tablet-2 elementor-grid-mobile-1 elementor-posts--thumbnail-top elementor-posts--show-avatar elementor-card-shadow-yes elementor-posts__hover-gradient elementor-widget elementor-widget-posts\" data-id=\"11acfa2\" data-element_type=\"widget\" data-settings=\"{&quot;cards_columns&quot;:&quot;2&quot;,&quot;cards_columns_tablet&quot;:&quot;2&quot;,&quot;cards_columns_mobile&quot;:&quot;1&quot;,&quot;cards_row_gap&quot;:{&quot;unit&quot;:&quot;px&quot;,&quot;size&quot;:35,&quot;sizes&quot;:[]},&quot;cards_row_gap_tablet&quot;:{&quot;unit&quot;:&quot;px&quot;,&quot;size&quot;:&quot;&quot;,&quot;sizes&quot;:[]},&quot;cards_row_gap_mobile&quot;:{&quot;unit&quot;:&quot;px&quot;,&quot;size&quot;:&quot;&quot;,&quot;sizes&quot;:[]}}\" data-widget_type=\"posts.cards\">\n\t\t\t\t<div class=\"elementor-widget-container\">\n\t\t\t\t\t<div class=\"elementor-posts-container elementor-posts elementor-posts--skin-cards elementor-grid\">\n\t\t\t\t<article class=\"elementor-post elementor-grid-item post-613 post type-post status-publish format-standard hentry category-sem-categoria\">\n\t\t\t<div class=\"elementor-post__card\">\n\t\t\t\t<div class=\"elementor-post__text\">\n\t\t\t\t<h3 class=\"elementor-post__title\">\n\t\t\t<a href=\"https:\/\/rpps.estrelavelha.rs.gov.br\/portal\/2024\/12\/06\/conselho-municipal-de-previdencia-social-realiza-eleicao-da-nova-diretoria-e-aprova-politica-de-investimentos-para-2025\/\" >\n\t\t\t\tConselho Municipal de Previd\u00eancia Social realiza elei\u00e7\u00e3o da nova diretoria e aprova Pol\u00edtica de Investimentos para 2025\t\t\t<\/a>\n\t\t<\/h3>\n\t\t\t\t<div class=\"elementor-post__excerpt\">\n\t\t\t<p>O Conselho Municipal de Previd\u00eancia Social, nomeado pela Portaria 305\/2024, reuniu-se hoje para a elei\u00e7\u00e3o da nova diretoria, que assumir\u00e1 o cargo pelos pr\u00f3ximos dois<\/p>\n\t\t<\/div>\n\t\t\n\t\t<a class=\"elementor-post__read-more\" href=\"https:\/\/rpps.estrelavelha.rs.gov.br\/portal\/2024\/12\/06\/conselho-municipal-de-previdencia-social-realiza-eleicao-da-nova-diretoria-e-aprova-politica-de-investimentos-para-2025\/\" >\n\t\t\tLeia mais \u00bb\t\t<\/a>\n\n\t\t\t\t<\/div>\n\t\t\t\t<div class=\"elementor-post__meta-data\">\n\t\t\t\t\t<span class=\"elementor-post-date\">\n\t\t\t6 de dezembro de 2024\t\t<\/span>\n\t\t\t\t<span class=\"elementor-post-avatar\">\n\t\t\tNenhum coment\u00e1rio\t\t<\/span>\n\t\t\t\t<\/div>\n\t\t\t\t\t<\/div>\n\t\t<\/article>\n\t\t\t\t<article class=\"elementor-post elementor-grid-item post-617 post type-post status-publish format-standard hentry category-sem-categoria\">\n\t\t\t<div class=\"elementor-post__card\">\n\t\t\t\t<div class=\"elementor-post__text\">\n\t\t\t\t<h3 class=\"elementor-post__title\">\n\t\t\t<a href=\"https:\/\/rpps.estrelavelha.rs.gov.br\/portal\/2024\/11\/26\/conselheiros-municipais-participam-de-treinamento-sobre-a-politica-de-investimentos-2025\/\" >\n\t\t\t\tConselheiros Municipais participam de Treinamento sobre a Pol\u00edtica de Investimentos  2025\t\t\t<\/a>\n\t\t<\/h3>\n\t\t\t\t<div class=\"elementor-post__excerpt\">\n\t\t\t<p>Nos dias 11 e 13 de novembro, representantes do Conselho Municipal de Previd\u00eancia participaram de um importante treinamento focado na Pol\u00edtica de Investimentos para o<\/p>\n\t\t<\/div>\n\t\t\n\t\t<a class=\"elementor-post__read-more\" href=\"https:\/\/rpps.estrelavelha.rs.gov.br\/portal\/2024\/11\/26\/conselheiros-municipais-participam-de-treinamento-sobre-a-politica-de-investimentos-2025\/\" >\n\t\t\tLeia mais \u00bb\t\t<\/a>\n\n\t\t\t\t<\/div>\n\t\t\t\t<div class=\"elementor-post__meta-data\">\n\t\t\t\t\t<span class=\"elementor-post-date\">\n\t\t\t26 de novembro de 2024\t\t<\/span>\n\t\t\t\t<span class=\"elementor-post-avatar\">\n\t\t\tNenhum coment\u00e1rio\t\t<\/span>\n\t\t\t\t<\/div>\n\t\t\t\t\t<\/div>\n\t\t<\/article>\n\t\t\t\t<\/div>\n\t\t\n\t\t\t\t<\/div>\n\t\t\t\t<\/div>\n\t\t\t\t\t\t<\/div>\n\t\t\t\t\t<\/div>\n\t\t<\/div>\n\t\t\t\t<div class=\"elementor-column elementor-col-33 elementor-top-column elementor-element elementor-element-8c0ac46\" data-id=\"8c0ac46\" data-element_type=\"column\">\n\t\t\t<div class=\"elementor-column-wrap elementor-element-populated\">\n\t\t\t\t\t\t\t<div class=\"elementor-widget-wrap\">\n\t\t\t\t\t\t<div class=\"elementor-element elementor-element-674f7c3 elementor-widget elementor-widget-image\" data-id=\"674f7c3\" data-element_type=\"widget\" data-widget_type=\"image.default\">\n\t\t\t\t<div class=\"elementor-widget-container\">\n\t\t\t\t\t\t\t\t<div class=\"elementor-image\">\n\t\t\t\t\t\t\t\t\t\t\t\t<img loading=\"lazy\" decoding=\"async\" width=\"500\" height=\"334\" src=\"https:\/\/rpps.estrelavelha.rs.gov.br\/portal\/wp-content\/uploads\/2022\/12\/Foto-ilustrativa-autorizada-para-a-materia.webp\" class=\"attachment-large size-large wp-image-89\" alt=\"\" srcset=\"https:\/\/rpps.estrelavelha.rs.gov.br\/portal\/wp-content\/uploads\/2022\/12\/Foto-ilustrativa-autorizada-para-a-materia.webp 500w, https:\/\/rpps.estrelavelha.rs.gov.br\/portal\/wp-content\/uploads\/2022\/12\/Foto-ilustrativa-autorizada-para-a-materia-300x200.webp 300w\" sizes=\"auto, (max-width: 500px) 100vw, 500px\" \/>\t\t\t\t\t\t\t\t\t\t\t\t\t\t<\/div>\n\t\t\t\t\t\t<\/div>\n\t\t\t\t<\/div>\n\t\t\t\t<div class=\"elementor-element elementor-element-b6bb944 elementor-widget elementor-widget-image\" data-id=\"b6bb944\" data-element_type=\"widget\" data-widget_type=\"image.default\">\n\t\t\t\t<div class=\"elementor-widget-container\">\n\t\t\t\t\t\t\t\t<div class=\"elementor-image\">\n\t\t\t\t\t\t\t\t\t\t\t\t\t<a href=\"https:\/\/rpps.estrelavelha.rs.gov.br\/portal\/formulario\/\">\n\t\t\t\t\t\t\t<img loading=\"lazy\" decoding=\"async\" width=\"554\" height=\"445\" src=\"https:\/\/rpps.estrelavelha.rs.gov.br\/portal\/wp-content\/uploads\/2023\/01\/FALE_COM_A_GENTE.jpg\" class=\"attachment-large size-large wp-image-453\" alt=\"\" srcset=\"https:\/\/rpps.estrelavelha.rs.gov.br\/portal\/wp-content\/uploads\/2023\/01\/FALE_COM_A_GENTE.jpg 554w, https:\/\/rpps.estrelavelha.rs.gov.br\/portal\/wp-content\/uploads\/2023\/01\/FALE_COM_A_GENTE-300x241.jpg 300w\" sizes=\"auto, (max-width: 554px) 100vw, 554px\" \/>\t\t\t\t\t\t\t\t<\/a>\n\t\t\t\t\t\t\t\t\t\t\t\t\t\t<\/div>\n\t\t\t\t\t\t<\/div>\n\t\t\t\t<\/div>\n\t\t\t\t\t\t<\/div>\n\t\t\t\t\t<\/div>\n\t\t<\/div>\n\t\t\t\t\t\t\t\t<\/div>\n\t\t\t\t\t<\/div>\n\t\t<\/section>\n\t\t\t\t\t\t\t\t\t<\/div>\n\t\t\t<\/div>\n\t\t\t\t\t<\/div>\n\t\t","protected":false},"excerpt":{"rendered":"<p>Conselho Municipal de Previd\u00eancia Social realiza elei\u00e7\u00e3o da nova diretoria e aprova Pol\u00edtica de Investimentos para 2025Clique aquiServidores respons\u00e1veis pela Contabilidade, Tesouraria e Recursos Humanos.Clique aquiConselho se re\u00fane para aprova\u00e7\u00e3o da politica de investimentos. Clique aquiConselho Municipal se re\u00fane para elei\u00e7\u00e3o de nova diretoria.Clique aqui Anterior Pr\u00f3ximo<\/p>\n","protected":false},"author":1,"featured_media":0,"parent":0,"menu_order":0,"comment_status":"closed","ping_status":"closed","template":"","meta":{"footnotes":""},"class_list":["post-50","page","type-page","status-publish","hentry"],"_links":{"self":[{"href":"https:\/\/rpps.estrelavelha.rs.gov.br\/portal\/wp-json\/wp\/v2\/pages\/50","targetHints":{"allow":["GET"]}}],"collection":[{"href":"https:\/\/rpps.estrelavelha.rs.gov.br\/portal\/wp-json\/wp\/v2\/pages"}],"about":[{"href":"https:\/\/rpps.estrelavelha.rs.gov.br\/portal\/wp-json\/wp\/v2\/types\/page"}],"author":[{"embeddable":true,"href":"https:\/\/rpps.estrelavelha.rs.gov.br\/portal\/wp-json\/wp\/v2\/users\/1"}],"replies":[{"embeddable":true,"href":"https:\/\/rpps.estrelavelha.rs.gov.br\/portal\/wp-json\/wp\/v2\/comments?post=50"}],"version-history":[{"count":71,"href":"https:\/\/rpps.estrelavelha.rs.gov.br\/portal\/wp-json\/wp\/v2\/pages\/50\/revisions"}],"predecessor-version":[{"id":688,"href":"https:\/\/rpps.estrelavelha.rs.gov.br\/portal\/wp-json\/wp\/v2\/pages\/50\/revisions\/688"}],"wp:attachment":[{"href":"https:\/\/rpps.estrelavelha.rs.gov.br\/portal\/wp-json\/wp\/v2\/media?parent=50"}],"curies":[{"name":"wp","href":"https:\/\/api.w.org\/{rel}","templated":true}]}}