{"id":67,"date":"2022-12-04T18:13:19","date_gmt":"2022-12-04T21:13:19","guid":{"rendered":"https:\/\/rpps.estrelavelha.rs.gov.br\/portal\/?page_id=67"},"modified":"2025-10-13T09:43:57","modified_gmt":"2025-10-13T12:43:57","slug":"conheca-o-rpps","status":"publish","type":"page","link":"https:\/\/rpps.estrelavelha.rs.gov.br\/portal\/conheca-o-rpps\/","title":{"rendered":"Conhe\u00e7a o RPPS"},"content":{"rendered":"\t\t<div data-elementor-type=\"wp-page\" data-elementor-id=\"67\" class=\"elementor elementor-67\">\n\t\t\t\t\t\t<div class=\"elementor-inner\">\n\t\t\t\t<div class=\"elementor-section-wrap\">\n\t\t\t\t\t\t\t\t\t<section class=\"elementor-section elementor-top-section elementor-element elementor-element-0484970 elementor-section-boxed elementor-section-height-default elementor-section-height-default\" data-id=\"0484970\" data-element_type=\"section\">\n\t\t\t\t\t\t<div class=\"elementor-container elementor-column-gap-default\">\n\t\t\t\t\t\t\t<div class=\"elementor-row\">\n\t\t\t\t\t<div class=\"elementor-column elementor-col-66 elementor-top-column elementor-element elementor-element-97521a2\" data-id=\"97521a2\" data-element_type=\"column\">\n\t\t\t<div class=\"elementor-column-wrap elementor-element-populated\">\n\t\t\t\t\t\t\t<div class=\"elementor-widget-wrap\">\n\t\t\t\t\t\t<div class=\"elementor-element elementor-element-784f450 elementor-widget elementor-widget-heading\" data-id=\"784f450\" data-element_type=\"widget\" data-widget_type=\"heading.default\">\n\t\t\t\t<div class=\"elementor-widget-container\">\n\t\t\t<h4 class=\"elementor-heading-title elementor-size-default\">Conhe\u00e7a o RPPS<\/h4>\t\t<\/div>\n\t\t\t\t<\/div>\n\t\t\t\t<div class=\"elementor-element elementor-element-0b39fcc elementor-widget elementor-widget-text-editor\" data-id=\"0b39fcc\" data-element_type=\"widget\" data-widget_type=\"text-editor.default\">\n\t\t\t\t<div class=\"elementor-widget-container\">\n\t\t\t\t\t\t\t\t<div class=\"elementor-text-editor elementor-clearfix\">\n\t\t\t\t<h6>Institu\u00eddo pela Lei Municipal n\u00ba 343, de 10 de julho de 2001 e reestruturado pela Lei Municipal n\u00ba 620, de 28 de setembro de 2005 o Regime Pr\u00f3prio de Previd\u00eancia Social dos Servidores Efetivos do Munic\u00edpio de Estrela Velha, visa a concess\u00e3o e manuten\u00e7\u00e3o dos benef\u00edcios previdenci\u00e1rios.<\/h6><h6>Benef\u00edcios concedidos pelo Instituto de Previd\u00eancia:<\/h6><h6><strong>Para o Servidor<\/strong><br \/>\u2013 Aposentadoria por invalidez<br \/>\u2013 Aposentadoria por idade e tempo de contribui\u00e7\u00e3o<br \/><strong>Para o dependente<\/strong><br \/>\u2013 Pens\u00e3o por morte<\/h6><p><strong>Estrutura operacional<\/strong><br \/>\u2013 Lei Municipal n\u00ba 1287\/2017<br \/>\u2013 Conselho Municipal de Previd\u00eancia \u2013 Lei Municipal n\u00ba 620\/2005 e 1522\/2022<br \/>\u2013 Comit\u00ea de Investimentos \u2013 Lei Municipal n\u00ba 1192\/2015.<\/p><p><strong><br \/>LEI MUNICIPAL N\u00ba 1287\/2017<\/strong><br \/>I &#8211; Respons\u00e1vel pela elabora\u00e7\u00e3o da folha de pagamento do Regime Pr\u00f3prio de Previd\u00eancia Social \u2013 RPPS: Eni Lauthart Schneider, Oficial do Setor de Pessoal;<br \/>II &#8211; Respons\u00e1vel pela execu\u00e7\u00e3o or\u00e7amentaria e contabiliza\u00e7\u00e3o do Regime Pr\u00f3prio de Previd\u00eancia Social \u2013 RPPS: Rodrigo Mai de Lima, T\u00e9cnico em Contabilidade;<br \/>III &#8211; Respons\u00e1vel pelo recebimento de valores e pagamento das obriga\u00e7\u00f5es do Regime Pr\u00f3prio de Previd\u00eancia Social \u2013 RPPS: Loreti Schanne Bender, Tesoureira.<\/p><h6><strong>CONSELHO MUNICIPAL DE PREVID\u00caNCIA \u2013 PORTARIA N\u00ba 130\/2024<\/strong><br \/>a) Titular: Rodrigo Mai de Lima, T\u00e9cnico em Contabilidade, e<br \/>Suplente: Eni Lauthart Schneider, Oficial do Setor de Pessoal.<br \/>b) Titular: Alesandra Krise Westphal, Agente Administrativo, e<br \/>Suplente: Ivan Carlos de Bortoli, Agente Fiscal da Receita Municipal.<br \/>c)Titular: Mari\u00e2ngela Ravanello, T\u00e9cnico em Contabilidade,<br \/>e Suplente: Suzana Castilhos, Auxiliar de Servi\u00e7os Gerais.<br \/>d)Titular: Vanoir Pereira, Agente Administrativo Auxiliar, e<br \/>Suplente: Jeane Lasch Camargo, Agente Administrativo.<br \/>e) Titular: Elizeu Silva de Souza, Agente Administrativo Auxiliar, e<br \/>Suplente: Jaqueline Aparecida de Castro Pereira, Agente Administrativo Auxiliar.<br \/>f) Rafaela Ara\u00fajo, Agente Administrativo Auxiliar, e<br \/>Suplente: Josecler Nogueira, Agente Administrativo T\u00e9cnico.<br \/>g) Am\u00edlcar Cesar Broca \u2013 Oficial do Controle Interno Aposentado;<br \/>Suplente: Sergio Helio Hoffmann, Oper\u00e1rio Aposentado.<\/h6><p><strong>COMIT\u00ca DE INVESTIMENTO &#8211; PORTARIA N\u00ba 146\/2024<\/strong><br \/>I &#8211; Rafaela Ara\u00fajo, <span style=\"color: var( --e-global-color-text ); font-size: 1rem;\">Presidente<\/span>, Ensino Superior, CPA 10<span style=\"color: var( --e-global-color-text ); font-size: 1rem;\">;<\/span><\/p><p>II-\u00a0<span style=\"color: var( --e-global-color-text ); font-size: 1rem;\">Jeane Lasch Camargo, membro, Ensino Superior, CPA 10;<\/span><\/p><p>III &#8211;<span style=\"color: var( --e-global-color-text ); font-size: 1rem;\">Vanoir Pereira, membro, Ensino M\u00e9dio,<\/span><span style=\"color: var( --e-global-color-text ); font-size: 1rem;\"> CPA 10.<\/span><br \/><br \/><\/p>\t\t\t\t\t<\/div>\n\t\t\t\t\t\t<\/div>\n\t\t\t\t<\/div>\n\t\t\t\t\t\t<\/div>\n\t\t\t\t\t<\/div>\n\t\t<\/div>\n\t\t\t\t<div class=\"elementor-column elementor-col-33 elementor-top-column elementor-element elementor-element-8ec2e92\" data-id=\"8ec2e92\" data-element_type=\"column\">\n\t\t\t<div class=\"elementor-column-wrap elementor-element-populated\">\n\t\t\t\t\t\t\t<div class=\"elementor-widget-wrap\">\n\t\t\t\t\t\t<div class=\"elementor-element elementor-element-877ef48 elementor-widget elementor-widget-image\" data-id=\"877ef48\" data-element_type=\"widget\" data-widget_type=\"image.default\">\n\t\t\t\t<div class=\"elementor-widget-container\">\n\t\t\t\t\t\t\t\t<div class=\"elementor-image\">\n\t\t\t\t\t\t\t\t\t\t\t\t<img loading=\"lazy\" decoding=\"async\" width=\"500\" height=\"334\" src=\"https:\/\/rpps.estrelavelha.rs.gov.br\/portal\/wp-content\/uploads\/2022\/12\/Foto-ilustrativa-autorizada-para-a-materia.webp\" class=\"attachment-large size-large wp-image-89\" alt=\"\" srcset=\"https:\/\/rpps.estrelavelha.rs.gov.br\/portal\/wp-content\/uploads\/2022\/12\/Foto-ilustrativa-autorizada-para-a-materia.webp 500w, https:\/\/rpps.estrelavelha.rs.gov.br\/portal\/wp-content\/uploads\/2022\/12\/Foto-ilustrativa-autorizada-para-a-materia-300x200.webp 300w\" sizes=\"auto, (max-width: 500px) 100vw, 500px\" \/>\t\t\t\t\t\t\t\t\t\t\t\t\t\t<\/div>\n\t\t\t\t\t\t<\/div>\n\t\t\t\t<\/div>\n\t\t\t\t\t\t<\/div>\n\t\t\t\t\t<\/div>\n\t\t<\/div>\n\t\t\t\t\t\t\t\t<\/div>\n\t\t\t\t\t<\/div>\n\t\t<\/section>\n\t\t\t\t\t\t\t\t\t<\/div>\n\t\t\t<\/div>\n\t\t\t\t\t<\/div>\n\t\t","protected":false},"excerpt":{"rendered":"<p>Conhe\u00e7a o RPPS Institu\u00eddo pela Lei Municipal n\u00ba 343, de 10 de julho de 2001 e reestruturado pela Lei Municipal n\u00ba 620, de 28 de setembro de 2005 o Regime Pr\u00f3prio de Previd\u00eancia Social dos Servidores Efetivos do Munic\u00edpio de Estrela Velha, visa a concess\u00e3o e manuten\u00e7\u00e3o dos benef\u00edcios previdenci\u00e1rios. Benef\u00edcios concedidos pelo Instituto de [&hellip;]<\/p>\n","protected":false},"author":1,"featured_media":0,"parent":0,"menu_order":0,"comment_status":"closed","ping_status":"closed","template":"","meta":{"footnotes":""},"class_list":["post-67","page","type-page","status-publish","hentry"],"_links":{"self":[{"href":"https:\/\/rpps.estrelavelha.rs.gov.br\/portal\/wp-json\/wp\/v2\/pages\/67","targetHints":{"allow":["GET"]}}],"collection":[{"href":"https:\/\/rpps.estrelavelha.rs.gov.br\/portal\/wp-json\/wp\/v2\/pages"}],"about":[{"href":"https:\/\/rpps.estrelavelha.rs.gov.br\/portal\/wp-json\/wp\/v2\/types\/page"}],"author":[{"embeddable":true,"href":"https:\/\/rpps.estrelavelha.rs.gov.br\/portal\/wp-json\/wp\/v2\/users\/1"}],"replies":[{"embeddable":true,"href":"https:\/\/rpps.estrelavelha.rs.gov.br\/portal\/wp-json\/wp\/v2\/comments?post=67"}],"version-history":[{"count":100,"href":"https:\/\/rpps.estrelavelha.rs.gov.br\/portal\/wp-json\/wp\/v2\/pages\/67\/revisions"}],"predecessor-version":[{"id":684,"href":"https:\/\/rpps.estrelavelha.rs.gov.br\/portal\/wp-json\/wp\/v2\/pages\/67\/revisions\/684"}],"wp:attachment":[{"href":"https:\/\/rpps.estrelavelha.rs.gov.br\/portal\/wp-json\/wp\/v2\/media?parent=67"}],"curies":[{"name":"wp","href":"https:\/\/api.w.org\/{rel}","templated":true}]}}